{"id":1143,"date":"2013-02-12T11:28:32","date_gmt":"2013-02-12T11:28:32","guid":{"rendered":"http:\/\/www.goodwinairport.com\/?page_id=1143"},"modified":"2013-02-12T11:28:32","modified_gmt":"2013-02-12T11:28:32","slug":"liens","status":"publish","type":"page","link":"https:\/\/www.goodwinairport.com\/?page_id=1143","title":{"rendered":"Liens"},"content":{"rendered":"<div>\n<div id=\"sub-pp-left\"><img loading=\"lazy\" class=\"alignnone size-full wp-image-788\" title=\"rs_0_Sl_C\" src=\"http:\/\/www.goodwinairport.com\/wp-media\/rs_0_Sl_C.jpg\" alt=\"\" width=\"75\" height=\"600\" \/><\/div>\n<div id=\"sub-pp-right\">\n<p><img class=\"aligncenter\" title=\"Internal 01\" src=\"http:\/\/www.goodwinairport.com\/dls\/BP\/Inc_0C.jpg\" alt=\"Internal 01\" width=\"560\" \/>En d\u00e9veloppant ce projet, nous avons examin\u00e9 toutes les propositions alternatives qui peuvent \u00e0\u00aatre trouv\u00e9es\u00a0: les liens ci-dessous vous permettent de vous rediriger vers toutes les propositions qui disposent d\u2019un site web. Si vous connaissez d\u2019autres propositions non incluses ici, veuillez nous contacter afin que nous puissions les ajouter.<\/p>\n<p>Voyez des liens aux documents de r\u00e9f\u00e9rence cl\u00e9 que nous avons utilis\u00e9e en pr\u00e9parant le plan de l\u2019A\u00e9roport International de Goodwin.<\/p>\n<h2>Propositions alternatives:<\/h2>\n<h3>Nouveaux a\u00e9roports<\/h3>\n<ul>\n<li><a href=\"http:\/\/www.fosterandpartners.com\/ThamesHub\/default.htm\" target=\"_blank\">Foster et associ\u00e9s, proposition d\u2019un a\u00e9roport \u00e0\u00a0 quatre pistes sur l\u2019Ile de Grain<\/a><\/li>\n<li><a href=\"http:\/\/www.gensler.com\/#aboutus\/news\/pressreleases\/124\" target=\"_blank\">Gensler, proposition d\u2019un a\u00e9roport flottant \u00e0\u00a0 quatre pistes dans l\u2019estuaire de la Tamise<\/a><\/li>\n<li><a href=\"http:\/\/www.thamesestuaryairportcoltd.co.uk\/\" target=\"_blank\">Marinair, proposition d\u2019un a\u00e9roport \u00e0\u00a0 quatre pistes dans l\u2019estuaire de la Tamise<\/a><\/li>\n<li><a href=\"http:\/\/testrad.co.uk\/\" target=\"_blank\">Testrad, proposition d\u2019un a\u00e9roport \u00e0\u00a0 cinq pistes aux Kentish Flats<\/a><\/li>\n<li><a href=\"http:\/\/www.londonmedwayairport.com\/\" target=\"_blank\">London Medway Airport, proposition d\u2019un a\u00e9roport \u00e0\u00a0 quatre pistes \u00e0\u00a0 Cliffe<\/a><\/li>\n<li><a href=\"http:\/\/www.thamesreachairport.com\/\" target=\"_blank\">Thames Reach Airport, proposition d\u2019un a\u00e9roport \u00e0\u00a0 deux pistes \u00e0\u00a0 Cliffe<\/a><\/li>\n<li><a href=\"http:\/\/thamesestuaryairport.com\/index_thames_estuary_airport.html\" target=\"_blank\">TOAST, proposition d\u2019un a\u00e9roport \u00e0\u00a0 deux pistes au nord de l\u2019Ile de Sheppey<\/a><\/li>\n<\/ul>\n<p>&nbsp;<\/p>\n<h3>Expansions et agrandissements :<\/h3>\n<ul>\n<li><a href=\"http:\/\/www.policyexchange.org.uk\/publications\/item\/bigger-and-quieter-the-right-answer-for-aviation?category_id=24l\" target=\"_blank\">Policy Exchange, un a\u00e9roport \u00e0\u00a0 quatre pistes \u00e0\u00a0 Heathrow<\/a><\/li>\n<li><a href=\"http:\/\/www.westonwilliamson.com\/news.php?a=oct12\">Weston Williamson, un a\u00e9roport \u00e0\u00a0 quatre pistes \u00e0\u00a0 Luton<\/a><\/li>\n<li><a href=\"http:\/\/www.makearchitects.com\/pdf\/Stansted%20Airport%20-%20Make%20Architects%20-%2023.10.2012.pdf\">Make Architects, un a\u00e9roport \u00e0\u00a0 quatre pistes \u00e0\u00a0 Stansted<\/a><\/li>\n<li><a href=\"http:\/\/www.gatwickairport.com\/masterplan\">The 2012 Gatwick Masterplan \u00e2\u20ac\u201c la possibilit\u00e9 d\u2019une deuxi\u00e0\u00a8me piste \u00e0\u00a0 Gatwick en 2013<\/a><\/li>\n<\/ul>\n<p>&nbsp;<\/p>\n<h2>Informations g\u00e9n\u00e9rales<\/h2>\n<ul>\n<li><a href=\"https:\/\/www.gov.uk\/government\/uploads\/system\/uploads\/attachment_data\/file\/69925\/uk-aviation-forecasts.pdf\">2013 &#8211; Mise \u00e0\u00a0 jour des Pr\u00e9visions de l&#8217;aviation du Royaume-Uni- Le D\u00e9partment de Transports du Royaume-Uni<\/a><\/li>\n<li><a href=\"https:\/\/www.gov.uk\/government\/publications\/airports-commission\">2012 \u00e2\u20ac\u201c La commission a\u00e9roportuaire cr\u00e9\u00e9e par le gouvernement britannique<\/a><\/li>\n<li><a href=\"http:\/\/mediacentre.heathrowairport.com\/imagelibrary\/downloadmedia.ashx?MediaDetailsID=1105&amp;SizeId=-1\">2012 \u00e2\u20ac\u201c Heathrow, la question d\u2019une seule plate-forme de correspondance a\u00e9roportuaire <\/a><\/li>\n<li><a href=\"http:\/\/www.google.co.uk\/url?sa=t&amp;rct=j&amp;q=&amp;esrc=s&amp;source=web&amp;cd=6&amp;ved=0CFYQFjAF&amp;url=http%3A%2F%2Fwww.parliament.uk%2Fbriefing-papers%2FSN04920.pdf&amp;ei=N_a8UIuRGO2R0QWP1IHYCA&amp;usg=AFQjCNEkUgu29FK2knicbxwLr4LBlUt0DA\">2012 \u00e2\u20ac\u201c Les propositions d\u2019un a\u00e9roport dans l\u2019estuaire de la Tamise, 1945 &#8211; 2012<\/a><\/li>\n<li><a href=\"http:\/\/www.youtube.com\/watch?v=1mqMS5z06I8\">2012 \u00e2\u20ac\u201c Vid\u00e9o sur YouTube d\u2019une visite a Goodwin Sands<\/a><\/li>\n<li><a href=\"http:\/\/www.london.gov.uk\/publication\/new-airport-london\">2011 \u00e2\u20ac\u201c Le reportage du GLA (l&#8217;administration charg\u00e9e de la gestion du Grand Londres) premi\u00e0\u00a8re partie<\/a><\/li>\n<li><a href=\"http:\/\/www.london.gov.uk\/publication\/new-airport-london-part-2\">2011 \u00e2\u20ac\u201c Le reportage du GLA (l&#8217;administration charg\u00e9e de la gestion du Grand Londres) deuxi\u00e0\u00a8me partie<\/a><\/li>\n<li><a href=\"http:\/\/www.ukho.gov.uk\/AboutUs\/Documents\/2009\/GS1-2-3-4%20Goodwin%20Sands.pdf\">2010 \u00e2\u20ac\u201c \u00c9valuation des sondages de Goodwin Sands de UKHO (le Bureau Hydrographique du Royaume-Uni)<\/a><\/li>\n<li><a href=\"http:\/\/www.gapan.org\/ruth-documents\/aviation-news\/Thames%20Airport%20Report.pdf\">2009 \u00e2\u20ac\u201c \u00c9tude de faisabilit\u00e9 a\u00e9roportuaire de l\u2019estuaire de la Tamise par Doug Oakervee<\/a><\/li>\n<li><a href=\"http:\/\/collections.europarchive.org\/tna\/20081106023347\/http:\/www.dft.gov.uk\/about\/strategy\/whitepapers\/air\/docs\/developmentofairportcapacity5669\">2003 \u00e2\u20ac\u201c Halcrow, le d\u00e9veloppement de la capacit\u00e9 a\u00e9roportuaire de l\u2019estuaire de la Tamise <\/a><\/li>\n<li><a href=\"http:\/\/home.btconnect.com\/Zeotek\/rpts\/pdfs\/goodwin_airport_and_channel_barrage.pdf\">2003 \u00e2\u20ac\u201c Proposition de Goodwin comme partie du barrage de la Manche<\/a><\/li>\n<li><a href=\"http:\/\/www.beckettrankine.com\/downloads\/The_Downs_A_Common_Marketplace_Low_Res.pdf\">1985 \u00e2\u20ac\u201c Proposition d\u2019un port international et d\u2019un a\u00e9roport \u00e0\u00a0 Goodwin Sands<\/a><\/li>\n<li><a href=\"http:\/\/www.flightglobal.com\/FlightPDFArchive\/1967\/1967%20-%202157.PDF\">1967 \u00e2\u20ac\u201c Flight International, Foulness: un alternatif faisable?<\/a><\/li>\n<\/ul>\n<\/div>\n<\/div>\n","protected":false},"excerpt":{"rendered":"<p>En d\u00e9veloppant ce projet, nous avons examin\u00e9 toutes les propositions alternatives qui peuvent \u00e0\u00aatre trouv\u00e9es\u00a0: les liens ci-dessous vous permettent de vous rediriger vers toutes les propositions qui disposent d\u2019un site web. Si vous connaissez d\u2019autres propositions non incluses ici, &hellip; <a href=\"https:\/\/www.goodwinairport.com\/?page_id=1143\">Continue reading <span class=\"meta-nav\">&rarr;<\/span><\/a><\/p>\n","protected":false},"author":1,"featured_media":0,"parent":1135,"menu_order":43,"comment_status":"closed","ping_status":"closed","template":"onecolumn-page.php","meta":[],"_links":{"self":[{"href":"https:\/\/www.goodwinairport.com\/index.php?rest_route=\/wp\/v2\/pages\/1143"}],"collection":[{"href":"https:\/\/www.goodwinairport.com\/index.php?rest_route=\/wp\/v2\/pages"}],"about":[{"href":"https:\/\/www.goodwinairport.com\/index.php?rest_route=\/wp\/v2\/types\/page"}],"author":[{"embeddable":true,"href":"https:\/\/www.goodwinairport.com\/index.php?rest_route=\/wp\/v2\/users\/1"}],"replies":[{"embeddable":true,"href":"https:\/\/www.goodwinairport.com\/index.php?rest_route=%2Fwp%2Fv2%2Fcomments&post=1143"}],"version-history":[{"count":1,"href":"https:\/\/www.goodwinairport.com\/index.php?rest_route=\/wp\/v2\/pages\/1143\/revisions"}],"predecessor-version":[{"id":1144,"href":"https:\/\/www.goodwinairport.com\/index.php?rest_route=\/wp\/v2\/pages\/1143\/revisions\/1144"}],"up":[{"embeddable":true,"href":"https:\/\/www.goodwinairport.com\/index.php?rest_route=\/wp\/v2\/pages\/1135"}],"wp:attachment":[{"href":"https:\/\/www.goodwinairport.com\/index.php?rest_route=%2Fwp%2Fv2%2Fmedia&parent=1143"}],"curies":[{"name":"wp","href":"https:\/\/api.w.org\/{rel}","templated":true}]}}