{"id":1121,"date":"2013-02-12T11:22:10","date_gmt":"2013-02-12T11:22:10","guid":{"rendered":"http:\/\/www.goodwinairport.com\/?page_id=1121"},"modified":"2013-03-19T10:10:51","modified_gmt":"2013-03-19T10:10:51","slug":"comment-acceder-a-laeroport","status":"publish","type":"page","link":"https:\/\/www.goodwinairport.com\/?page_id=1121","title":{"rendered":"Comment acc\u00e9der \u00e0\u00a0 l&#8217;a\u00e9roport"},"content":{"rendered":"<div>\n<div id=\"sub-pp-left\"><a href=\"http:\/\/www.goodwinairport.com\/?attachment_id=759\" rel=\"attachment wp-att-759\"><img loading=\"lazy\" class=\"alignnone size-full wp-image-759\" title=\"rs_0_Sl_3\" src=\"http:\/\/www.goodwinairport.com\/wp-media\/rs_0_Sl_3.jpg\" alt=\"\" width=\"75\" height=\"600\" \/><\/a><\/div>\n<div id=\"sub-pp-right\">\n<div id=\"attachment_1257\" style=\"width: 1034px\" class=\"wp-caption alignnone\"><a href=\"http:\/\/www.goodwinairport.com\/gdn2_media\/Journey-Times3.jpg\"><img aria-describedby=\"caption-attachment-1257\" loading=\"lazy\" src=\"http:\/\/www.goodwinairport.com\/gdn2_media\/Journey-Times3.jpg\" alt=\"Transports publics, hors service ferry\" title=\"Transports publics, hors service ferry\" width=\"1024\" height=\"793\" class=\"size-full wp-image-1257\" srcset=\"https:\/\/www.goodwinairport.com\/gdn2_media\/Journey-Times3.jpg 1024w, https:\/\/www.goodwinairport.com\/gdn2_media\/Journey-Times3-300x232.jpg 300w\" sizes=\"(max-width: 1024px) 100vw, 1024px\" \/><\/a><p id=\"caption-attachment-1257\" class=\"wp-caption-text\">Transports publics, hors service ferry<\/p><\/div>\n<p>L\u2019a\u00e9roport Goodwin sera reli\u00e9 au r\u00e9seau ferroviaire TGV, actuellement utilis\u00e9 par l&#8217;Eurostar. Cette ligne permet un service rapide jusqu&#8217;\u00e0\u00a0 Londres ainsi que des liaisons vers Calais,  Lille, Paris, Bruxelles\u00e2\u20ac\u00a6 et les autres destinations de l&#8217;Eurostar.<\/p>\n<\/div>\n<\/div>\n<p>&nbsp;<br \/>\n&nbsp;<br \/>\n&nbsp;<br \/>\nActuellement l&#8217;Eurostar fait le trajet de Londres \u00e0\u00a0 Calais en 55 minutes. Le temps de parcours pour Goodwin pourrait \u00e0\u00aatre accompli en moins de 40 minutes avec des trains qui fonctionnent \u00e0\u00a0 la vitesse moyenne de l&#8217;Eurostar aujourd&#8217;hui.<\/p>\n<p>La ligne ferroviaire grande vitesse dispose encore d&#8217;une capacit\u00e9 consid\u00e9rable inutilis\u00e9e qui permettrait de transporter 55 millions de passagers par an jusqu&#8217;\u00e0\u00a0 Goodwin.  En utilisant le Southeastern (la compagnie desservant cette r\u00e9gion) le volume peut \u00e0\u00aatre port\u00e9 \u00e0\u00a0  76 millions de passagers par an. Ce volume correspond aux trois pistes de Goodwin. \u00c0 long terme, la capacit\u00e9 du lien ferroviaire devra \u00e0\u00aatre \u00e9tendue et ceci pourrait \u00e0\u00aatre accompli en incorporant un monorail sp\u00e9cifique.<\/p>\n<p><img loading=\"lazy\" class=\"alignnone size-large wp-image-801\" title=\"Eurostar\" src=\"http:\/\/www.goodwinairport.com\/wp-media\/Eurostar1-1024x617.jpg\" alt=\"\" width=\"640\" height=\"385\" srcset=\"https:\/\/www.goodwinairport.com\/gdn2_media\/Eurostar1-1024x617.jpg 1024w, https:\/\/www.goodwinairport.com\/gdn2_media\/Eurostar1-300x180.jpg 300w, https:\/\/www.goodwinairport.com\/gdn2_media\/Eurostar1.jpg 2006w\" sizes=\"(max-width: 640px) 100vw, 640px\" \/><br \/>\nLa liaison routi\u00e0\u00a8re de l&#8217;a\u00e9roport jusqu&#8217;\u00e0\u00a0 l&#8217;autoroute A2 pourra \u00e0\u00aatre transform\u00e9e en section autorouti\u00e0\u00a8re jusqu&#8217;\u00e0\u00a0 la jonction avec la M2. L&#8217;autre liaison pourra se faire par l&#8217;interm\u00e9diaire de l&#8217;autoroute M20. Des liaisons rapides par ferry vers Douvres et Ramsgate rejoindront directement le terminal de l&#8217;a\u00e9roport permettant de desservir des parkings longue dur\u00e9e et serviront de moyens de transport suppl\u00e9mentaires au personnel de l&#8217;a\u00e9roport habitant dans l&#8217;est du Kent. D&#8217;autres parkings longue dur\u00e9e pourraient \u00e0\u00aatre disponibles ainsi qu&#8217;un bureau de checking aux alentours de Ebbsfleet et probablement aussi au niveau de Calais.<\/p>\n<div id=\"attachment_681\" style=\"width: 650px\" class=\"wp-caption alignnone\"><a href=\"http:\/\/www.goodwinairport.com\/?attachment_id=681\" rel=\"attachment wp-att-681\"><img aria-describedby=\"caption-attachment-681\" loading=\"lazy\" class=\"size-large wp-image-681\" title=\"Connectivity\" src=\"http:\/\/www.goodwinairport.com\/wp-media\/Connectivity-1024x881.jpg\" alt=\"L'a\u00e9roport international de Goodwin : la location id\u00e9ale pour une plate-forme HUB.\" width=\"640\" height=\"550\" \/><\/a><p id=\"caption-attachment-681\" class=\"wp-caption-text\">L'a\u00e9roport international de Goodwin : la location id\u00e9ale pour une plate-forme HUB.<\/p><\/div>\n<p>Le train \u00e0\u00a0 grande vitesse augmente l&#8217;efficacit\u00e9 des plates-formes a\u00e9roportuaires en fonctionnant comme une alternative au vol court-courrier. Cette augmentation de capacit\u00e9 n&#8217;a dans ce cas aucun impact sur l&#8217;espace a\u00e9rien, ni sur la congestion de l&#8217;a\u00e9roport et elle n&#8217;a qu&#8217;un effet mod\u00e9r\u00e9 sur l&#8217;environnement. L&#8217;usage du train \u00e0\u00a0 grande vitesse est un moyen alternatif \u00e0\u00a0 une augmentation de capacit\u00e9s a\u00e9roportuaires et \u00e0\u00a0 la diversit\u00e9 des destinations. Avec une connexion sur la ligne grande vitesse et donc le r\u00e9seau europ\u00e9en des trains TGV l&#8217;a\u00e9roport international de Goodwin est le lieu id\u00e9al pour une plate-forme de correspondances internationales qui ne desservira pas uniquement  l&#8217;Angleterre, mais \u00e9galement l\u2019Europe du Nord. Il sera la plaque tournante europ\u00e9enne qui pourra r\u00e9duire la congestion a\u00e9roportuaire non seulement de Londres, mais  aussi de Paris, Amsterdam et Francfort<\/p>\n","protected":false},"excerpt":{"rendered":"<p>L\u2019a\u00e9roport Goodwin sera reli\u00e9 au r\u00e9seau ferroviaire TGV, actuellement utilis\u00e9 par l&#8217;Eurostar. Cette ligne permet un service rapide jusqu&#8217;\u00e0\u00a0 Londres ainsi que des liaisons vers Calais, Lille, Paris, Bruxelles\u00e2\u20ac\u00a6 et les autres destinations de l&#8217;Eurostar. &nbsp; &nbsp; &nbsp; Actuellement l&#8217;Eurostar &hellip; <a href=\"https:\/\/www.goodwinairport.com\/?page_id=1121\">Continue reading <span class=\"meta-nav\">&rarr;<\/span><\/a><\/p>\n","protected":false},"author":1,"featured_media":0,"parent":1108,"menu_order":23,"comment_status":"closed","ping_status":"closed","template":"onecolumn-page.php","meta":[],"_links":{"self":[{"href":"https:\/\/www.goodwinairport.com\/index.php?rest_route=\/wp\/v2\/pages\/1121"}],"collection":[{"href":"https:\/\/www.goodwinairport.com\/index.php?rest_route=\/wp\/v2\/pages"}],"about":[{"href":"https:\/\/www.goodwinairport.com\/index.php?rest_route=\/wp\/v2\/types\/page"}],"author":[{"embeddable":true,"href":"https:\/\/www.goodwinairport.com\/index.php?rest_route=\/wp\/v2\/users\/1"}],"replies":[{"embeddable":true,"href":"https:\/\/www.goodwinairport.com\/index.php?rest_route=%2Fwp%2Fv2%2Fcomments&post=1121"}],"version-history":[{"count":4,"href":"https:\/\/www.goodwinairport.com\/index.php?rest_route=\/wp\/v2\/pages\/1121\/revisions"}],"predecessor-version":[{"id":1259,"href":"https:\/\/www.goodwinairport.com\/index.php?rest_route=\/wp\/v2\/pages\/1121\/revisions\/1259"}],"up":[{"embeddable":true,"href":"https:\/\/www.goodwinairport.com\/index.php?rest_route=\/wp\/v2\/pages\/1108"}],"wp:attachment":[{"href":"https:\/\/www.goodwinairport.com\/index.php?rest_route=%2Fwp%2Fv2%2Fmedia&parent=1121"}],"curies":[{"name":"wp","href":"https:\/\/api.w.org\/{rel}","templated":true}]}}