{"id":1108,"date":"2013-02-12T11:18:54","date_gmt":"2013-02-12T11:18:54","guid":{"rendered":"http:\/\/www.goodwinairport.com\/?page_id=1108"},"modified":"2013-03-19T10:01:10","modified_gmt":"2013-03-19T10:01:10","slug":"le-site","status":"publish","type":"page","link":"https:\/\/www.goodwinairport.com\/?page_id=1108","title":{"rendered":"Le site"},"content":{"rendered":"<div>\n<div id=\"sub-pp-left\"><a href=\"http:\/\/www.goodwinairport.com\/?attachment_id=746\" rel=\"attachment wp-att-746\"><img loading=\"lazy\" class=\"alignnone size-full wp-image-746\" title=\"rs_0_Sl_1\" src=\"http:\/\/www.goodwinairport.com\/wp-media\/rs_0_Sl_1.jpg\" alt=\"\" width=\"75\" height=\"600\" \/><\/a><\/div>\n<div id=\"sub-pp-right\"><img class=\"aligncenter\" title=\"Internal 01\" src=\"http:\/\/www.goodwinairport.com\/dls\/BP\/Location_01.jpg\" alt=\"Internal 01\" width=\"560\" \/>Goodwin Sands est situ\u00e9 \u00e0\u00a0 environ 3 km de la c\u00e0\u00b4te du Kent. Les bancs de sable ont pos\u00e9 de nombreux probl\u00e0\u00a8mes aux transports maritimes depuis que les navires traversent le d\u00e9troit. De sables sont sous l&#8217;eau, sauf \u00e0\u00a0 mar\u00e9e basse et sont sujets \u00e0\u00a0 des mouvements constants, dus au courant. Il faut donc r\u00e9guli\u00e0\u00a8rement r\u00e9\u00e9valuer et mettre \u00e0\u00a0 jour des cartes maritimes et le positionnement de ces bancs de sable pour la navigation. Malgr\u00e9 ce mouvement de mar\u00e9e, les sables sont fermes et ils seront des fondations solides pour la construction. Cette particularit\u00e9 g\u00e9ologique qui pose autant de risques aux transports maritimes est un atout consid\u00e9rable pour le site d&#8217;une nouvelle plate-forme a\u00e9roportuaire.<\/div>\n<\/div>\n<p>&nbsp;<\/p>\n<div id=\"attachment_1231\" style=\"width: 1034px\" class=\"wp-caption alignnone\"><a href=\"http:\/\/www.goodwinairport.com\/gdn2_media\/Location-and-Connections4.jpg\"><img aria-describedby=\"caption-attachment-1231\" loading=\"lazy\" src=\"http:\/\/www.goodwinairport.com\/gdn2_media\/Location-and-Connections4.jpg\" alt=\" L'emplacement de l'a\u00e9roport international de Goodwin\" title=\" L'emplacement de l'a\u00e9roport international de Goodwin\" width=\"1024\" height=\"804\" class=\"size-full wp-image-1231\" srcset=\"https:\/\/www.goodwinairport.com\/gdn2_media\/Location-and-Connections4.jpg 1024w, https:\/\/www.goodwinairport.com\/gdn2_media\/Location-and-Connections4-300x235.jpg 300w\" sizes=\"(max-width: 1024px) 100vw, 1024px\" \/><\/a><p id=\"caption-attachment-1231\" class=\"wp-caption-text\"> L'emplacement de l'a\u00e9roport international de Goodwin<\/p><\/div>\n<p>&nbsp;<\/p>\n<p>En utilisant les techniques prouv\u00e9es aux Pays-Bas, les bancs de sable peuvent \u00e0\u00aatre prot\u00e9g\u00e9s par une digue. Des enrochements seront n\u00e9cessaires, mais le volume de remplissage ne devrait pas \u00e0\u00aatre excessif. La plupart des sables de Goodwin Sands se trouvent \u00e0\u00a0 environ 3 m en dessous du niveau moyen de la mer. En ce sens, au m\u00e0\u00aame niveau que les pistes de l&#8217;a\u00e9roport d&#8217;Amsterdam. La construction de l\u2019a\u00e9roport ne n\u00e9cessiterait de remblais que pour les parties les plus basses. Bien que tout d\u00e9veloppement soit \u00e9volutif, l\u2019espace disponible est suffisamment grand pour permettre une extension a\u00e9roportuaire jusqu&#8217;\u00e0\u00a0 six pistes, voir plus.<\/p>\n<p><img loading=\"lazy\" class=\"alignright size-full wp-image-820\" title=\"Big_Squares_08\" src=\"http:\/\/www.goodwinairport.com\/wp-media\/Big_Squares_08.jpg\" alt=\"\" width=\"350\" height=\"350\" srcset=\"https:\/\/www.goodwinairport.com\/gdn2_media\/Big_Squares_08.jpg 350w, https:\/\/www.goodwinairport.com\/gdn2_media\/Big_Squares_08-150x150.jpg 150w, https:\/\/www.goodwinairport.com\/gdn2_media\/Big_Squares_08-300x300.jpg 300w\" sizes=\"(max-width: 350px) 100vw, 350px\" \/>En plus d&#8217;\u00e0\u00aatre en dehors des voies de navigation, Goodwin est \u00e9galement \u00e0\u00a0 l&#8217;ext\u00e9rieur de toute zone r\u00e9serv\u00e9e en termes de protection de la nature. Les sables ne sont ni des centres de reproduction d&#8217;oiseaux, ni des espaces d&#8217;implantation de parc \u00e9olien et il n&#8217;y a aucun obstacle \u00e0\u00a0 la construction. Les seules contraintes sont six \u00e9paves historiques prot\u00e9g\u00e9es qui devront \u00e0\u00aatre soit \u00e0\u00aatre isol\u00e9es et prot\u00e9g\u00e9es sur place, soit enlev\u00e9es et conserv\u00e9es dans le cadre du projet de d\u00e9veloppement. <\/p>\n<p>L&#8217;emplacement offshore de Goodwin minimise, m\u00e0\u00aame s&#8217;il ne l\u2019\u00e9vite pas totalement, le survol des zones peupl\u00e9es, mais permet toutefois l&#8217;int\u00e9gration efficace des infrastructures de transport tel que la ligne grande vitesse, le r\u00e9seau autoroutier et les services transmanche. Sur ce projet, nous avons pr\u00e9vu des liaisons routi\u00e0\u00a8res et ferroviaires avec la terre ferme au travers de tunnel sous-marin de 4 km de longueur afin de minimiser l&#8217;impact visuel, bien qu&#8217;un pont puisse \u00e0\u00aatre une alternative moins ch\u00e0\u00a8re.<\/p>\n","protected":false},"excerpt":{"rendered":"<p>Goodwin Sands est situ\u00e9 \u00e0\u00a0 environ 3 km de la c\u00e0\u00b4te du Kent. Les bancs de sable ont pos\u00e9 de nombreux probl\u00e0\u00a8mes aux transports maritimes depuis que les navires traversent le d\u00e9troit. De sables sont sous l&#8217;eau, sauf \u00e0\u00a0 mar\u00e9e &hellip; <a href=\"https:\/\/www.goodwinairport.com\/?page_id=1108\">Continue reading <span class=\"meta-nav\">&rarr;<\/span><\/a><\/p>\n","protected":false},"author":1,"featured_media":0,"parent":0,"menu_order":1,"comment_status":"closed","ping_status":"closed","template":"onecolumn-page.php","meta":[],"_links":{"self":[{"href":"https:\/\/www.goodwinairport.com\/index.php?rest_route=\/wp\/v2\/pages\/1108"}],"collection":[{"href":"https:\/\/www.goodwinairport.com\/index.php?rest_route=\/wp\/v2\/pages"}],"about":[{"href":"https:\/\/www.goodwinairport.com\/index.php?rest_route=\/wp\/v2\/types\/page"}],"author":[{"embeddable":true,"href":"https:\/\/www.goodwinairport.com\/index.php?rest_route=\/wp\/v2\/users\/1"}],"replies":[{"embeddable":true,"href":"https:\/\/www.goodwinairport.com\/index.php?rest_route=%2Fwp%2Fv2%2Fcomments&post=1108"}],"version-history":[{"count":7,"href":"https:\/\/www.goodwinairport.com\/index.php?rest_route=\/wp\/v2\/pages\/1108\/revisions"}],"predecessor-version":[{"id":1247,"href":"https:\/\/www.goodwinairport.com\/index.php?rest_route=\/wp\/v2\/pages\/1108\/revisions\/1247"}],"wp:attachment":[{"href":"https:\/\/www.goodwinairport.com\/index.php?rest_route=%2Fwp%2Fv2%2Fmedia&parent=1108"}],"curies":[{"name":"wp","href":"https:\/\/api.w.org\/{rel}","templated":true}]}}